{"id":2598,"date":"2019-01-15T09:51:18","date_gmt":"2019-01-15T09:51:18","guid":{"rendered":"http:\/\/www.deltapci.com\/?page_id=2598"},"modified":"2019-01-15T09:51:18","modified_gmt":"2019-01-15T09:51:18","slug":"clases-particulares-ourense","status":"publish","type":"page","link":"https:\/\/recursing-dhawan.212-132-71-197.plesk.page\/index.php\/clases-particulares-ourense\/","title":{"rendered":"Clases Particulares"},"content":{"rendered":"\n<figure class=\"wp-block-image aligncenter size-large is-resized\"><img loading=\"lazy\" decoding=\"async\" src=\"https:\/\/recursing-dhawan.212-132-71-197.plesk.page\/wp-content\/uploads\/2023\/02\/informaticauvigo-1024x683.jpg\" alt=\"Clases Particulares Inform\u00e1tica UVIGO\" class=\"wp-image-28543\" width=\"659\" height=\"440\"\/><\/figure>\n\n\n\n<p>Delta Pc  te ayuda a tener \u00e9xito en la Facultad o Escuela Universitaria, proporcionando <strong>Clases Particulares<\/strong> de apoyo en las asignaturas que necesitas ayuda.<\/p>\n\n\n\n<p> Estamos convencido de que para aprender bien, el alumno se tiene que motivar. Por lo tanto, siempre nos esforzamos en proporcionar las herramientas y los m\u00e9todos necesarios para que el alumno se sienta c\u00f3modo en la materia, lo que le permite tomar conciencia de sus habilidades y darle sentido a su aprendizaje. La motivaci\u00f3n asociada con un buen m\u00e9todo de trabajo son las claves del \u00e9xito educativo.<\/p>\n\n\n\n<p>Nuestros profesores son graduados, licenciados e ingenieros,&nbsp; especializados en el tema de las lecciones que ense\u00f1an en sus clases particulares. Se seleccionan rigurosamente seg\u00fan las necesidades del estudiante y su personalidad.<\/p>\n\n\n\n<div class=\"wp-block-uagb-tabs uagb-block-62ac9b06 uagb-tabs__wrap uagb-tabs__hstyle1-desktop uagb-tabs__vstyle6-tablet uagb-tabs__vstyle6-mobile\" data-tab-active=\"0\"><ul class=\"uagb-tabs__panel uagb-tabs__align-left\" role=\"tablist\"><li class=\"uagb-tab uagb-tabs__active\" role=\"none\"><a href=\"\/#uagb-tabs__tab0\" class=\"uagb-tabs-list uagb-tabs__icon-position-left\" data-tab=\"0\" role=\"tab\">Universidad<\/a><\/li><li class=\"uagb-tab \" role=\"none\"><a href=\"\/#uagb-tabs__tab1\" class=\"uagb-tabs-list uagb-tabs__icon-position-left\" data-tab=\"1\" role=\"tab\">Ciclos  Formativos<\/a><\/li><li class=\"uagb-tab \" role=\"none\"><a href=\"\/#uagb-tabs__tab2\" class=\"uagb-tabs-list uagb-tabs__icon-position-left\" data-tab=\"2\" role=\"tab\">Inform\u00e1tica UVIGO<\/a><\/li><\/ul><div class=\"uagb-tabs__body-wrap\">\n<div class=\"wp-block-uagb-tabs-child uagb-tabs__body-container uagb-inner-tab-0 uagb-tabs__inner-tab\" aria-labelledby=\"uagb-tabs__tab0\">\n<div class=\"inherit-container-width wp-block-group is-layout-constrained wp-block-group-is-layout-constrained\">\n<p>Escola Superior de Enxe\u00f1er\u00eda Inform\u00e1tica<\/p>\n\n\n\n<p>Enxe\u00f1er\u00eda Aeron\u00e1utica<\/p>\n\n\n\n<p>Inform\u00e1tica UNED<\/p>\n\n\n\n<p>Facultade de Ciencias<\/p>\n\n\n\n<p>Ciencias Empresariais e Turismo<\/p>\n<\/div>\n<\/div>\n\n\n\n<div class=\"wp-block-uagb-tabs-child uagb-tabs__body-container uagb-inner-tab-1 uagb-tabs__inner-tab\" aria-labelledby=\"uagb-tabs__tab1\">\n<p>Programaci\u00f3n (Java, C++, C#\u2026)<\/p>\n\n\n\n<p>Dise\u00f1o<br>Web (HTML, CSS, XML, PHP\u2026)<\/p>\n\n\n\n<p>Bases de Datos<\/p>\n\n\n\n<p>Matem\u00e1ticas<\/p>\n\n\n\n<p>F\u00edsica<\/p>\n\n\n\n<p>Electr\u00f3nica Anal\u00f3gica y Digital<\/p>\n\n\n\n<p>Arduino<\/p>\n\n\n\n<p>Contabilidad<\/p>\n\n\n\n<p>Laboral N\u00f3minas<br>Administrativo<\/p>\n<\/div>\n\n\n\n<div class=\"wp-block-uagb-tabs-child uagb-tabs__body-container uagb-inner-tab-2\" aria-labelledby=\"uagb-tabs__tab2\">\n<h5 class=\"wp-block-heading\">Primer Cuatrimestre 1 Curso<\/h5>\n\n\n\n<p>Matem\u00e1ticas: An\u00e1lise Matem\u00e1tica<br>Matem\u00e1ticas: Fundamentos Matem\u00e1ticos para a Inform\u00e1tica<br>Inform\u00e1tica: Programaci\u00f3n I<br>F\u00edsica: Sistemas Dixitais<\/p>\n\n\n\n<h5 class=\"wp-block-heading\">Segundo Cuatrimestre 1 Curso<\/h5>\n\n\n\n<p>Inform\u00e1tica: &nbsp;Algoritmos e Estruturas de Datos I<br>Matem\u00e1ticas: \u00c1lxebra Lineal<br>Inform\u00e1tica: Arquitectura de Computadoras I<br>Programaci\u00f3n II<\/p>\n\n\n\n<h5 class=\"wp-block-heading\">OTROS<\/h5>\n\n\n\n<p>Matem\u00e1ticas: Estat\u00edstica<br>Algoritmos e Estruturas de Datos II<br>Arquitectura de Computadoras II<br>Enxe\u00f1ar\u00eda do Software I<br>Sistemas Operativos I<\/p>\n<\/div>\n<\/div><\/div>\n","protected":false},"excerpt":{"rendered":"<p>Desde Delta Pc ayudamos a los alumnos de la Universidad y Ciclos de Formaci\u00f3n en aquellas asignaturas que tienen m\u00e1s problemas para aprobar.<\/p>\n","protected":false},"author":1,"featured_media":0,"parent":0,"menu_order":0,"comment_status":"closed","ping_status":"closed","template":"","meta":{"site-sidebar-layout":"default","site-content-layout":"","ast-site-content-layout":"default","site-content-style":"default","site-sidebar-style":"default","ast-global-header-display":"","ast-banner-title-visibility":"","ast-main-header-display":"","ast-hfb-above-header-display":"","ast-hfb-below-header-display":"","ast-hfb-mobile-header-display":"","site-post-title":"","ast-breadcrumbs-content":"","ast-featured-img":"","footer-sml-layout":"","ast-disable-related-posts":"","theme-transparent-header-meta":"","adv-header-id-meta":"","stick-header-meta":"","header-above-stick-meta":"","header-main-stick-meta":"","header-below-stick-meta":"","astra-migrate-meta-layouts":"default","ast-page-background-enabled":"default","ast-page-background-meta":{"desktop":{"background-color":"var(--ast-global-color-5)","background-image":"","background-repeat":"repeat","background-position":"center center","background-size":"auto","background-attachment":"scroll","background-type":"","background-media":"","overlay-type":"","overlay-color":"","overlay-opacity":"","overlay-gradient":""},"tablet":{"background-color":"","background-image":"","background-repeat":"repeat","background-position":"center center","background-size":"auto","background-attachment":"scroll","background-type":"","background-media":"","overlay-type":"","overlay-color":"","overlay-opacity":"","overlay-gradient":""},"mobile":{"background-color":"","background-image":"","background-repeat":"repeat","background-position":"center center","background-size":"auto","background-attachment":"scroll","background-type":"","background-media":"","overlay-type":"","overlay-color":"","overlay-opacity":"","overlay-gradient":""}},"ast-content-background-meta":{"desktop":{"background-color":"var(--ast-global-color-4)","background-image":"","background-repeat":"repeat","background-position":"center center","background-size":"auto","background-attachment":"scroll","background-type":"","background-media":"","overlay-type":"","overlay-color":"","overlay-opacity":"","overlay-gradient":""},"tablet":{"background-color":"var(--ast-global-color-4)","background-image":"","background-repeat":"repeat","background-position":"center center","background-size":"auto","background-attachment":"scroll","background-type":"","background-media":"","overlay-type":"","overlay-color":"","overlay-opacity":"","overlay-gradient":""},"mobile":{"background-color":"var(--ast-global-color-4)","background-image":"","background-repeat":"repeat","background-position":"center center","background-size":"auto","background-attachment":"scroll","background-type":"","background-media":"","overlay-type":"","overlay-color":"","overlay-opacity":"","overlay-gradient":""}},"footnotes":""},"class_list":["post-2598","page","type-page","status-publish","hentry"],"_links":{"self":[{"href":"https:\/\/recursing-dhawan.212-132-71-197.plesk.page\/index.php\/wp-json\/wp\/v2\/pages\/2598","targetHints":{"allow":["GET"]}}],"collection":[{"href":"https:\/\/recursing-dhawan.212-132-71-197.plesk.page\/index.php\/wp-json\/wp\/v2\/pages"}],"about":[{"href":"https:\/\/recursing-dhawan.212-132-71-197.plesk.page\/index.php\/wp-json\/wp\/v2\/types\/page"}],"author":[{"embeddable":true,"href":"https:\/\/recursing-dhawan.212-132-71-197.plesk.page\/index.php\/wp-json\/wp\/v2\/users\/1"}],"replies":[{"embeddable":true,"href":"https:\/\/recursing-dhawan.212-132-71-197.plesk.page\/index.php\/wp-json\/wp\/v2\/comments?post=2598"}],"version-history":[{"count":0,"href":"https:\/\/recursing-dhawan.212-132-71-197.plesk.page\/index.php\/wp-json\/wp\/v2\/pages\/2598\/revisions"}],"wp:attachment":[{"href":"https:\/\/recursing-dhawan.212-132-71-197.plesk.page\/index.php\/wp-json\/wp\/v2\/media?parent=2598"}],"curies":[{"name":"wp","href":"https:\/\/api.w.org\/{rel}","templated":true}]}}