{"id":910,"date":"2017-12-29T18:24:42","date_gmt":"2017-12-29T18:24:42","guid":{"rendered":"http:\/\/www.deltapci.com\/?page_id=910"},"modified":"2017-12-29T18:24:42","modified_gmt":"2017-12-29T18:24:42","slug":"politica-privacidad-aviso-legal","status":"publish","type":"page","link":"https:\/\/recursing-dhawan.212-132-71-197.plesk.page\/index.php\/politica-privacidad-aviso-legal\/","title":{"rendered":"Pol\u00edtica de privacidad y aviso legal"},"content":{"rendered":"<h2><strong>&#8211; Pol\u00edtica de privacidad<\/strong><\/h2>\n<p><strong>Responsable del tratamiento de datos<\/strong><\/p>\n<p><strong>Identidad: DELTA PC INFORMATICA Y ELECTRONICA S.L.<\/strong><\/p>\n<p><strong>Domicilio: <\/strong>C\/Curros Enr\u00edquez N\u00ba 18-1\u00ba. CP: 32003, Ourense.<\/p>\n<p>Delta PC Inform\u00e1tica y Electr\u00f3nica S.L. informa a los usuarios del sitio web sobre su pol\u00edtica con respecto al tratamiento y protecci\u00f3n de los datos de car\u00e1cter personal de los usuarios y clientes que puedan ser recabados por la navegaci\u00f3n o contrataci\u00f3n de servicios a trav\u00e9s de su p\u00e1gina web.<\/p>\n<p>El uso de la p\u00e1gina web implica la aceptaci\u00f3n de esta pol\u00edtica de privacidad.<\/p>\n<p>En esta empresa no existe la figura de Delegado de protecci\u00f3n de Datos. Para contactar con la empresa puede dirigir un escrito a Delta PC Inform\u00e1tica y Electr\u00f3nica S.L. a la direcci\u00f3n C\/ Curros Enr\u00edquez N\u00ba18-1\u00ba\u00a0 CP: 32003, Ourense. O en el correo electr\u00f3nico: infor@deltapci.com<\/p>\n<p><strong>Finalidad del tratamiento de datos personales y categor\u00edas de los datos tratados.<\/strong><\/p>\n<p>Sus datos personales se tratar\u00e1n por Delta PC Inform\u00e1tica y Electr\u00f3nica S.L. conforme a las siguientes finalidades:<\/p>\n<ul>\n<li>Los datos que ha proporcionado en los formularios en los que puede solicitar informaci\u00f3n sobre nuestras actividades, ser\u00e1n usados \u00fanicamente para ponernos en contacto con usted e informarle acerca de la formaci\u00f3n en la que usted est\u00e1 interesado.<\/li>\n<li>Los datos proporcionados ser\u00e1n utilizados por Delta PC Inform\u00e1tica y Electr\u00f3nica S.L. para gestionar el env\u00edo de comunicaciones comerciales con la finalidad y por los medios electr\u00f3nicos y\/o convencionales indicados, salvo que nos indique lo contrario marcando las casillas correspondientes, oponi\u00e9ndose\u00a0 o revocando su consentimiento.<\/li>\n<li>Todos los datos personales recogidos por Delta PC Inform\u00e1tica y Electr\u00f3nica S.L. que tengan la consideraci\u00f3n de datos de car\u00e1cter personal, ser\u00e1n incorporados en los ficheros declarados por esta empresa ante la Agencia Espa\u00f1ola de Protecci\u00f3n de Datos.<\/li>\n<\/ul>\n<p>Los datos personales solicitados son obligatorios, de forma que, la negativa a suministrarlos supondr\u00e1 la imposibilidad de llevar a cabo la prestaci\u00f3n de los servicios de informaci\u00f3n que nos solicita.<\/p>\n<p><strong>Legitimaci\u00f3n para el tratamiento de tus datos.<\/strong><\/p>\n<p>La legitimaci\u00f3n para el tratamiento de sus datos por parte de Delta PC Inform\u00e1tica y Electr\u00f3nica S.L. para llevar a cabo la prestaci\u00f3n del servicio de informaci\u00f3n es la correcta ejecuci\u00f3n del mismo, no siendo posible suministrar el servicio solicitado en caso contrario.<\/p>\n<p>El env\u00edo de comunicaciones comerciales sobre cursos de formaci\u00f3n, publicidad relacionada con nuestros productos y servicios y la invitaci\u00f3n a eventos organizados por esta empresa, se derivan de la relaci\u00f3n con el cliente y est\u00e1n basadas en el consentimiento que se solicita y que puede retirar en cualquier momento. No obstante y en caso de retirar su consentimiento, ello no afectar\u00e1 a la licitud de los tratamientos efectuados con anterioridad.<\/p>\n<p>Los consentimientos obtenidos para las finalidades mencionadas son independientes unos de otros, por lo que podr\u00e1 revocar uno o varios de ellos, no afectando a los dem\u00e1s.<\/p>\n<p><strong>Comunicaci\u00f3n de informaci\u00f3n a terceros.<\/strong><\/p>\n<p>Delta PC Inform\u00e1tica y Electr\u00f3nica S.L. informa a los usuarios que los datos recabados no ser\u00e1n cedidos a terceros, con la salvedad de que dicha cesi\u00f3n de datos est\u00e9 amparada en una obligaci\u00f3n legal a las instituciones pertinentes o cuando la prestaci\u00f3n de un servicio implique la necesidad de una relaci\u00f3n contractual con un encargado de tratamiento. En este \u00faltimo caso, s\u00f3lo se llevar\u00e1 a cabo la cesi\u00f3n de datos a terceros cuando Delta PC Inform\u00e1tica y Electr\u00f3nica S.L. disponga del consentimiento expreso del interesado.<\/p>\n<p><strong>Derechos del usuario.<\/strong><\/p>\n<p>La ley actual vigente concede a los interesados la posibilidad de ejercer una serie de derechos relacionados con el tratamiento de sus datos personales.<\/p>\n<p>Para ejercer dichos derechos, el usuario debe dirigirse, mediante comunicaci\u00f3n escrita y aportando fotocopia de su DNI o pasaporte a las instalaciones de la empresa Delta PC Inform\u00e1tica y Electr\u00f3nica S.L.,\u00a0 situadas en C\/ Curros Enr\u00edquez N\u00ba18-1\u00ba\u00a0 CP 32003 Ourense o a la direcci\u00f3n de correo electr\u00f3nico infor@deltapci.com, adjuntando los siguientes datos: Nombre y apellido del usuario, domicilio, petici\u00f3n de la solicitud y los datos acreditativos, \u00a0para ejercitar en cualquier momento y de manera gratuita los siguientes derechos:<\/p>\n<ul>\n<li>Revocar los consentimientos otorgados para el tratamiento de datos personales.<\/li>\n<li>Obtener informaci\u00f3n acerca del tratamiento de sus datos personales por parte de Delta PC Inform\u00e1tica y Electr\u00f3nica S.L.<\/li>\n<li>Rectificar los datos inexactos o incompletos.<\/li>\n<li>Solicitar la supresi\u00f3n de sus datos.<\/li>\n<li>Obtener por parte de Delta PC Inform\u00e1tica y Electr\u00f3nica S.L. la limitaci\u00f3n del tratamiento de los datos.<\/li>\n<li>Podr\u00e1 oponerse al tratamiento de sus datos. Delta PC Inform\u00e1tica y Electr\u00f3nica S.L. dejar\u00e1 de tratar sus datos, salvo por motivos leg\u00edtimos imperiosos o el ejercicio o defensa de posibles reclamaciones.<\/li>\n<li>El ejercicio de derecho deber\u00e1 ser realizado por el propio interesado, o en determinadas circunstancias, por el representante legal del mismo, acreditando dicha condici\u00f3n.<\/li>\n<\/ul>\n<p><strong>\u00a0<\/strong><strong>Ley aplicable y jurisdicci\u00f3n<\/strong><\/p>\n<p>La ley aplicable en caso de disputa o conflicto de interpretaci\u00f3n de los t\u00e9rminos que conforman este Aviso Legal, as\u00ed como cualquier cuesti\u00f3n relacionada con los servicios de la presente p\u00e1gina web ser\u00e1 la Ley Espa\u00f1ola.<\/p>\n<p>Para la resoluci\u00f3n de cualquier conflicto que pueda surgir con ocasi\u00f3n de la visita a la p\u00e1gina web o del uso de los servicios que en \u00e9l se puedan ofertar, Delta PC Inform\u00e1tica y Electr\u00f3nica S.L. y el usuario acuerdan someterse a los jueces y tribunales de la ciudad de Ourense, Espa\u00f1a.<\/p>\n<h2><span style=\"font-size: 18pt;\"><strong>&#8211; Pol\u00edtica de Cookies<\/strong><\/span><\/h2>\n<p>El sitio Web de Delta PC Inform\u00e1tica y Electr\u00f3nica S.L y sus dominios utilizan cookies (peque\u00f1os archivos de informaci\u00f3n que el servidor env\u00eda al ordenador de quien accede a la p\u00e1gina) para el correcto funcionamiento y visualizaci\u00f3n de los sitios Web por parte del usuario, as\u00ed como la recogida de estad\u00edsticas. En concreto, se utilizan las siguientes cookies:<\/p>\n<ul>\n<li>Google Analytics:\u00a0Tipo\u00a0Anal\u00edtica,\u00a0Titularidad\u00a0Ajena<\/li>\n<li>Cookies de Google:\u00a0Tipo\u00a0T\u00e9cnica,\u00a0Titularidad\u00a0Ajena<\/li>\n<li>Aviso de Cookies:\u00a0Tipo\u00a0T\u00e9cnica,\u00a0Titularidad\u00a0Propia<\/li>\n<li>Cookies de sesi\u00f3n:Tipo\u00a0T\u00e9cnica,\u00a0Titularidad\u00a0Propia<\/li>\n<li>Twitter:\u00a0Tipo Social,\u00a0Titularidad\u00a0Ajena<\/li>\n<li>Facebook:\u00a0Tipo Social,\u00a0Titularidad\u00a0Ajena<\/li>\n<\/ul>\n<p><span style=\"font-size: 12pt;\"><strong>Servicios de terceros<\/strong><\/span><\/p>\n<p>Adicionalmente, Delta PC Inform\u00e1tica y Electr\u00f3nica S.L tiene presencia en portales y servicios de terceros para los que, si se desea conocer las condiciones de privacidad y uso de cookies, deber\u00e1n consultarle las pol\u00edticas proporcionadas por los mismos:<\/p>\n<ul>\n<li>Facebook: <a title=\"(se abre en nueva ventana)\" href=\"https:\/\/es-es.facebook.com\/help\/cookies\" target=\"_blank\" rel=\"external noopener noreferrer\">https:\/\/es-es.facebook.com\/help\/cookies<\/a><\/li>\n<li>Twitter: <a title=\"(se abre en nueva ventana)\" href=\"https:\/\/twitter.com\/privacy\" target=\"_blank\" rel=\"external noopener noreferrer\">https:\/\/x.com\/privacy<\/a><\/li>\n<li>Youtube: <a title=\"(se abre en nueva ventana)\" href=\"https:\/\/www.google.es\/intl\/es\/policies\/technologies\/cookies\/\" target=\"_blank\" rel=\"external noopener noreferrer\">https:\/\/www.google.es\/intl\/es\/policies\/technologies\/cookies\/ <\/a><\/li>\n<li>Google+: <a title=\"(se abre en nueva ventana)\" href=\"https:\/\/www.google.es\/intl\/es\/policies\/technologies\/cookies\/\" target=\"_blank\" rel=\"external noopener noreferrer\">https:\/\/www.google.es\/intl\/es\/policies\/technologies\/cookies\/<\/a><\/li>\n<\/ul>\n<p><strong>Desactivaci\u00f3n o eliminaci\u00f3n de cookies<\/strong><\/p>\n<p>En cualquier momento podr\u00e1 ejercer su derecho de desactivaci\u00f3n o eliminaci\u00f3n de cookies de este sitio web. Estas acciones se realizan de forma diferente en funci\u00f3n del navegador que est\u00e9 usando.<\/p>\n<p><strong>Notas adicionales<\/strong><\/p>\n<ul>\n<li>Ni esta web ni sus representantes legales se hacen responsables ni del contenido, ni de la veracidad de las pol\u00edticas de privacidad que puedan tener los terceros mencionados en esta pol\u00edtica de\u00a0cookies.<\/li>\n<li>Los navegadores web son las herramientas encargadas de almacenar las cookies y desde este lugar debe efectuar su derecho a eliminaci\u00f3n o desactivaci\u00f3n de las mismas. Ni esta web ni sus representantes legales pueden garantizar la correcta o incorrecta manipulaci\u00f3n de las cookies por parte de los mencionados navegadores.<\/li>\n<li>En algunos casos es necesario instalar cookies para que el navegador no olvide su decisi\u00f3n de no aceptaci\u00f3n de las mismas.<\/li>\n<li>Para cualquier duda o consulta acerca de esta pol\u00edtica de cookies no dude en comunicarse con nosotros a trav\u00e9s de la secci\u00f3n de contacto.<\/li>\n<\/ul>\n","protected":false},"excerpt":{"rendered":"<p>&#8211; Pol\u00edtica de privacidad Responsable del tratamiento de datos Identidad: DELTA PC INFORMATICA Y ELECTRONICA S.L. Domicilio: C\/Curros Enr\u00edquez N\u00ba [&hellip;]<\/p>\n","protected":false},"author":1,"featured_media":0,"parent":0,"menu_order":0,"comment_status":"closed","ping_status":"closed","template":"","meta":{"site-sidebar-layout":"default","site-content-layout":"","ast-site-content-layout":"default","site-content-style":"default","site-sidebar-style":"default","ast-global-header-display":"","ast-banner-title-visibility":"","ast-main-header-display":"","ast-hfb-above-header-display":"","ast-hfb-below-header-display":"","ast-hfb-mobile-header-display":"","site-post-title":"","ast-breadcrumbs-content":"","ast-featured-img":"","footer-sml-layout":"","ast-disable-related-posts":"","theme-transparent-header-meta":"","adv-header-id-meta":"","stick-header-meta":"","header-above-stick-meta":"","header-main-stick-meta":"","header-below-stick-meta":"","astra-migrate-meta-layouts":"set","ast-page-background-enabled":"default","ast-page-background-meta":{"desktop":{"background-color":"","background-image":"","background-repeat":"repeat","background-position":"center center","background-size":"auto","background-attachment":"scroll","background-type":"","background-media":"","overlay-type":"","overlay-color":"","overlay-gradient":""},"tablet":{"background-color":"","background-image":"","background-repeat":"repeat","background-position":"center center","background-size":"auto","background-attachment":"scroll","background-type":"","background-media":"","overlay-type":"","overlay-color":"","overlay-gradient":""},"mobile":{"background-color":"","background-image":"","background-repeat":"repeat","background-position":"center center","background-size":"auto","background-attachment":"scroll","background-type":"","background-media":"","overlay-type":"","overlay-color":"","overlay-gradient":""}},"ast-content-background-meta":{"desktop":{"background-color":"var(--ast-global-color-5)","background-image":"","background-repeat":"repeat","background-position":"center center","background-size":"auto","background-attachment":"scroll","background-type":"","background-media":"","overlay-type":"","overlay-color":"","overlay-gradient":""},"tablet":{"background-color":"var(--ast-global-color-5)","background-image":"","background-repeat":"repeat","background-position":"center center","background-size":"auto","background-attachment":"scroll","background-type":"","background-media":"","overlay-type":"","overlay-color":"","overlay-gradient":""},"mobile":{"background-color":"var(--ast-global-color-5)","background-image":"","background-repeat":"repeat","background-position":"center center","background-size":"auto","background-attachment":"scroll","background-type":"","background-media":"","overlay-type":"","overlay-color":"","overlay-gradient":""}},"footnotes":""},"class_list":["post-910","page","type-page","status-publish","hentry"],"_links":{"self":[{"href":"https:\/\/recursing-dhawan.212-132-71-197.plesk.page\/index.php\/wp-json\/wp\/v2\/pages\/910","targetHints":{"allow":["GET"]}}],"collection":[{"href":"https:\/\/recursing-dhawan.212-132-71-197.plesk.page\/index.php\/wp-json\/wp\/v2\/pages"}],"about":[{"href":"https:\/\/recursing-dhawan.212-132-71-197.plesk.page\/index.php\/wp-json\/wp\/v2\/types\/page"}],"author":[{"embeddable":true,"href":"https:\/\/recursing-dhawan.212-132-71-197.plesk.page\/index.php\/wp-json\/wp\/v2\/users\/1"}],"replies":[{"embeddable":true,"href":"https:\/\/recursing-dhawan.212-132-71-197.plesk.page\/index.php\/wp-json\/wp\/v2\/comments?post=910"}],"version-history":[{"count":0,"href":"https:\/\/recursing-dhawan.212-132-71-197.plesk.page\/index.php\/wp-json\/wp\/v2\/pages\/910\/revisions"}],"wp:attachment":[{"href":"https:\/\/recursing-dhawan.212-132-71-197.plesk.page\/index.php\/wp-json\/wp\/v2\/media?parent=910"}],"curies":[{"name":"wp","href":"https:\/\/api.w.org\/{rel}","templated":true}]}}